5?
9
What is the tens digit of 37168?
6
What is the hundreds digit of 13266?
2
What is the hundred thousands digit of 160665?
1
What is the thousands digit of 1951?
1
What is the ten thousands digit of 158435?
5
What is the hundreds digit of 2610?
6
What is the thousands digit of 1259?
1
What is the hundred thousands digit of 101370?
1
What is the units digit of 738?
8
What is the tens digit of 123597?
9
What is the tens digit of 545?
4
What is the tens digit of 3314?
1
What is the units digit of 34676?
6
What is the thousands digit of 4685?
4
What is the ten thousands digit of 58632?
5
What is the tens digit of 21302?
0
What is the tens digit of 499?
9
What is the tens digit of 8815?
1
What is the units digit of 7177?
7
What is the hundreds digit of 660?
6
What is the hundreds digit of 22995?
9
What is the tens digit of 608?
0
What is the hundreds digit of 31323?
3
What is the units digit of 1292?
2
What is the hundreds digit of 8477?
4
What is the hundreds digit of 2418?
4
What is the ten thousands digit of 22804?
2
What is the hundreds digit of 759?
7
What is the units digit of 336?
6
What is the units digit of 931?
1
What is the hundreds digit of 2131?
1
What is the units digit of 12687?
7
What is the tens digit of 56522?
2
What is the units digit of 10647?
7
What is the thousands digit of 1887?
1
What is the thousands digit of 4122?
4
What is the hundreds digit of 40339?
3
What is the tens digit of 376?
7
What is the tens digit of 280?
8
What is the hundreds digit of 377?
3
What is the tens digit of 31418?
1
What is the thousands digit of 8147?
8
What is the units digit of 238?
8
What is the tens digit of 17591?
9
What is the thousands digit of 17989?
7
What is the hundreds digit of 22442?
4
What is the hundreds digit of 33789?
7
What is the units digit of 23157?
7
What is the tens digit of 77?
7
What is the tens digit of 6562?
6
What is the ten thousands digit of 121830?
2
What is the hundreds digit of 726?
7
What is the thousands digit of 57921?
7
What is the thousands digit of 13258?
3
What is the hundreds digit of 408?
4
What is the hundreds digit of 107?
1
What is the hundreds digit of 1436?
4
What is the hundreds digit of 284?
2
What is the thousands digit of 4030?
4
What is the units digit of 166328?
8
What is the tens digit of 112958?
5
What is the hundreds digit of 6530?
5
What is the thousands digit of 62815?
2
What is the hundreds digit of 2896?
8
What is the hundreds digit of 18803?
8
What is the hundreds digit of 3164?
1
What is the tens digit of 1111?
1
What is the units digit of 39741?
1
What is the thousands digit of 3542?
3
What is the tens digit of 32289?
8
What is the units digit of 17162?
2
What is the hundreds digit of 1353?
3
What is the hundreds digit of 1181?
1
What is the hundreds digit of 1916?
9
What is the tens digit of 642?
4
What is the units digit of 148194?
4
What is the tens digit of 49925?
2
What is the thousands digit of 2830?
2
What is the units digit of 2100?
0
What is the units digit of 37461?
1
What is the units digit of 19532?
2
What is the hundreds digit of 414?
4
What is the thousands digit of 4227?
4
What is the thousands digit of 21942?
1
What is the thousands digit of 25170?
5
What is the units digit of 2?
2
What is the hundreds digit of 2711?
7
What is the thousands digit of 15838?
5
What is the units digit of 7663?
3
What is the units digit of 81958?
8
What is the thousands digit of 59063?
9
What is the hundreds digit of 12124?
1
What is the hundreds digit of 932?
9
What is the units digit of 27388?
8
What is the units digit of 25404?
4
What is the hundreds digit of 890?
8
What is the tens digit of 2497?
9
What is the units digit of 282?
2
What is the units digit of 162?
2
What is the thousands digit of 4870?
4
What is the hundreds digit of 1773?
7
What is the tens digit of 5841?
4
What is the units digit of 27879?
9
What is the hundreds digit of 184580?
5
What is the units digit of 25836?
6
What is the hundreds digit of 6669?
6
What is the units digit of 1038?
8
What is the hundreds digit of 879?
8
What is the hundreds digit of 38109?
1
What is the thousands digit of 1190?
1
What is the hundreds digit of 14754?
7
What is the thousands digit of 43201?
3
What is the tens digit of 3232?
3
What is the units digit of 9414?
4
What is the thousands digit of 25482?
5
What is the hundreds digit of 4542?
5
What is the units digit of 1394?
4
What is the ten thousands digit of 73990?
7
What is the hundreds digit of 520?
5
What is the thousands digit of 7731?
7
What is the ten thousands digit of 11010?
1
What is the ten thousands digit of 14475?
1
What is the hundreds digit of 2977?
9
What is the units digit of 17525?
5
What is the tens digit of 27863?
6
What is the units digit of 18854?
4
What is the ten thousands digit of 65066?
6
What is the hundreds digit of 9375?
3
What is the thousands digit of 41082?
1
What is the ten thousands digit of 66266?
6
What is the thousands digit of 13174?
3
What is the thousands digit of 1404?
1
What is the tens digit of 974?
7
What is the units digit of 2312?
2
What is the tens digit of 240?
4
What is the hundreds digit of 326?
3
What is the tens digit of 2476?
7
What is the units digit of 85004?
4
What is the thousands digit of 40641?
0
What is the thousands digit of 1481?
1
What is the hundreds digit of 117?
1
What is the tens digit of 53?
5
What is the units digit of 675?
5
What is the units digit of 123659?
9
What is the units digit of 1580?
0
What is the tens digit of 11235?
3
What is the tens digit of 847?
4
What is the thousands digit of 70612?
0
What is the hundreds digit of 2788?
7
What is the units digit of 125116?
6
What is the hundreds digit of 30332?
3
What is the hundreds digit of 80936?
9
What is the units digit of 77995?
5
What is the thousands digit of 83857?
3
What is the units digit of 5259?
9
What is the thousands digit of 10828?
0
What is the units digit of 29396?
6
What is the ten thousands digit of 12806?
1
What is the tens digit of 578?
7
What is the units digit of 1448?
8
What is the hundreds digit of 3997?
9
What is the units digit of 536?
6
What is the ten thousands digit of 93790?
9
What is the hundreds digit of 30890?
8
What is the hundreds digit of 5080?
0
What is the thousands digit of 7850?
7
What is the units digit of 19202?
2
What is the thousands digit of 10705?
0
What is the thousands digit of 17733?
7
What is the ten thousands digit of 18067?
1
What is the thousands digit of 2327?
2
What is the ten thousands digit of 18709?
1
What is the thousands digit of 24027?
4
What is the tens digit of 209?
0
What is the ten thousands digit of 10148?
1
What is the thousands digit of 2749?
2
What is the tens digit of 12456?
5
What is the ten thousands digit of 26344?
2
What is the thousands digit of 7666?
7
What is the thousands digit of 21461?
1
What is the units digit of 4798?
8
What is the thousands digit of 3023?
3
What is the hundreds digit of 1072?
0
What is the ten thousands digit of 12025?
1
What is the tens digit of 11996?
9
What is the hundreds digit of 10205?
2
What is the hundreds digit of 41579?
5
What is the thousands digit of 5591?
5
What is the units digit of 5767?
7
What is the hundreds digit of 9865?
8
What is the thousands digit of 23613?
3
What is the thousands digit of 1954?
1
What is the units digit of 1115?
5
What is the thousands digit of 9527?
9
What is the thousands digit of 9396?
9
What is the tens digit of 77376?
7
What is the thousands digit of 13337?
3
What is the tens digit of 1064?
6
What is the units digit of 5554?
4
What is the thousands digit of 1377?
1
What is the units digit of 12469?
9
What is the units digit of 1081?
1
What is the units digit of 5301?
1
What is the hundreds digit of 19918?
9
What is the units digit of 119407?
7
What is the tens digit of 74986?
8
What is the ten thousands digit of 15519?
1
What is the tens digit of 4867?
6
What is the tens digit of 2191?
9
What is the tens digit of 951?
5
What is the units digit of 746?
6
What is the hundreds digit of 556?
5
What is the thousands digit of 23530?
3
What is the tens digit of 862?
6
What is the tens digit of 73?
7
What is the units digit of 4616?
6
What is the units digit of 399?
9
What is the hundreds digit of 1271?
2
What is the thousand